9 + 80 + -3 + (-1 - -1)
-28
290 - (82 - -133) - (-46 - 1)
122
-81 + 19 + (-50 + (8 - -15) - 17)
-106
15 + 4 + (13 - 13) + -19
0
Evaluate -6 - 17 - (-7 - (-9 - -3) - -15).
-37
-14 + 22 - -5 - (0 - -2 - (1 - -6))
18
What is 34 + (9 - 24) + -76?
-57
Evaluate 29 + -4 + (-80 + 84 - (1 + -1)).
29
What is (-3 - 17) + (75 - 43 - -105) - (-2 - 1)?
120
What is the value of -128 + -185 + 321 - (0 - (-11 + 1))?
-2
Evaluate -21 + -114 + 5 + (-7 - -12) + -1.
-126
Calculate -2148 - -2168 - (4 + (2 - 4) - -2).
16
Calculate 158 + 87 + -250 + (-4 - -2) + 86.
79
What is 11 + (2 - (5 - (-1 - -2))) - (-58 - -109)?
-42
Calculate (-26 - -57 - 36) + (-9 - 5).
-19
Evaluate -8 + (-3 - -1) + (-48 + 123 - (-2 + 19)).
48
Calculate (-35 + 27 - 18) + -26 + 3.
-49
Evaluate 475 + -474 - (31 - 6).
-24
Evaluate (44 - (62 + 4)) + 1.
-21
(1 - (26 - (-6 + 17))) + (-9 - -34)
11
-62 + 2 - (12 - (7 + 9) - 5) - -2
-49
What is the value of -16 + (-12 + 6 + 16 - 7 - (-10 + 8))?
-11
What is the value of -56 + 46 + 40 + -54?
-24
11 + (59 - (91 + -23)) - (-3 - 0)
5
6 + -42 + 22 - (85 + 16)
-115
Calculate 164 + -173 - (-17 - -10 - (0 + 9)).
7
What is -2827 - -2719 - (-3 - (4 - 8))?
-109
Calculate 17 + (-3 + (15 - 14) - -61) - (16 - 3).
63
What is the value of (36 - (-1 + 7)) + 46 + -29 + -29?
18
What is -88 + (42 - 24) - -91?
21
Calculate -18 + (10 + 10 - (-80 + 70)).
12
-31 - (-14 - (-7 - (-9 + 14) - (-4 - -3)))
-28
(52 + -46 - (45 - 0)) + 9
-30
What is the value of 73 - 0 - (10 - -36 - 28) - -8?
63
Evaluate -1 + 0 + 29 - (-966 + 1022).
-28
What is the value of -9 + (30 - -2) + -2 + -12 - (-66 + -3)?
78
What is the value of (-4 + 15 - (-14 + 14 + (24 - 8))) + 41?
36
Evaluate 970 + -1009 + 25 + 2.
-12
What is 24 + (-26 - 3) - (-35 + -4 - -1)?
33
(33 - (22 + 65)) + 9
-45
(-28 + 12 - -14 - -29) + -47
-20
What is the value of 23 - (-20 + 1 + 59 + -16)?
-1
(16 - 72) + (4 - (10 - -2)) + -14 + 15
-63
What is 120 + -37 + -198 - (3 + 1)?
-119
What is the value of 12 - ((-32 - (5 - 3)) + 15 + -6)?
37
Evaluate -48 - (6 + -21) - (115 - 57).
-91
Evaluate (-63 - (-39 + 79)) + -1 + 0.
-104
What is the value of (-58 - -27) + 22 + 56?
47
Evaluate 55 - (1 - 1 - 23 - (3093 - 3141)).
30
What is the value of (-1 - -4 - (-27 + 25)) + (22 + -34 - 0)?
-7
Evaluate -15 - 0 - ((69 - -13) + (1 - 29)).
-69
What is the value of 2606 - 2629 - (17 + -1 + -2)?
-37
What is the value of 11 + (-2 - (-10 + 34 - 10 - -31))?
-36
Calculate 2 - ((248 + -237 - (66 - 0)) + 12 + -2).
47
(2 - (10 - 7)) + -3 + 12 - (-74 - -76)
6
(4 + 12 - (94 - 87)) + 29
38
What is 82 + (-21 - (106 - 61))?
16
What is -75 - -52 - (-50 + 2)?
25
Evaluate 29 + (7 - 0) + 58 + -52 + (-5 - 1).
36
Calculate -3 + 5 + -2 + -110 - (-33 - (9 + -29)).
-97
Evaluate -18 + 0 + (-11 - -24) + 35.
30
What is -19 - (-42 + 1) - 37?
-15
What is the value of (37 - 164) + (-10 - -79)?
-58
(-58 - (-1 - (-16 + 9))) + (-35 - -25)
-74
What is the value of (-25 - 51 - -86) + -19 + 0 - (1 - -33)?
-43
Evaluate -19 + -1 + -8 + 2 + 8.
-18
Evaluate 902 - 738 - (0 + 50 + -1).
115
Evaluate 5 + 44 + 30 + -119.
-40
What is the value of -3 - -21 - 67 - -51?
2
What is -123 + 23 + 103 + 87?
90
Evaluate 72 + -11 - (170 + -117) - (-125 + 0).
133
Calculate 16 + -8 + 1 + 92 + -7 - 17.
77
38 + 4 + (-24 - -35) + -7 + (1 - 9)
38
What is the value of 31 + (-3 + 69 - 44)?
53
What is (7 + (9 - (-5 + 4)) - 22) + (79 - 1)?
73
Evaluate 56 - 61 - (-45 + -10 + 6).
44
-1615 - -1613 - (2 - 28)
24
What is the value of 25 + (-76 - -64) + -32?
-19
16 + -14 + 34 + -41 + (-1 - -12)
6
Calculate 44 - (35 + -1 - (240 + -205)).
45
What is 11 - 107 - ((6 - -8) + (8 - 15))?
-103
Evaluate 3 - (-64 + 97 + 2).
-32
What is the value of -12 - (-8 + -27 + (-16 - 18))?
57
31 - (-16 - -52 - (5 + -78))
-78
(-61 - (-42 - 6 - -37)) + -38
-88
Evaluate -2 + (-2 - 41) + (-28 - 5 - (-25 + -6)).
-47
What is the value of (-1 + 3 + 19 - 3) + -1265 + 1254 + 3?
10
-5 + 17 - (16 + 22 + 19)
-45
Calculate -26 - (-4 + 0 - (-3712 + 3665)).
-69
Evaluate 36 - 2 - (8107 + -8044).
-29
Calculate 35 + -16 - 23 - 17 - -87.
66
1 - 34 - (691 - 606) - -22
-96
Calculate 25 + 0 + 6 + ((3 - 15) + 7 - -8).
34
Evaluate -9 + 28 + -43 + (32 - 3).
5
Evaluate 55 - ((-13 - 31 - 1) + 39).
61
-17 - -7 - 1 - -28 - (102 - 179)
94
What is 0 - (-477 - -427 - (0 - -10))?
60
3 - ((-6 - -11 - -1) + -7 + 19 + 27)
-42
7017 + -6982 + (-1 + -65 - 1)
-32
6 + 0 + 1 + -3 + 91 + (-17 - 34)
44
What is 139 + -278 + 135 + 17 + 0?
13
What is (-37 - -29) + (8 - (5 - 0) - -52)?
47
What is the value of -17 + -12 - (-125 + 61)?
35
55 - 18 - ((-26 - -26) + 73)
-36
Calculate (0 - -34 - -10) + -10 - (1 + -12).
45
What is -3 + (-9 + 2 - (-47 + 87 + -50))?
0
Evaluate 36 + (66 - 128) - -27.
1
What is the value of -2 - -3 - (16 + -2) - (-5 - -7)?
-15
40 - (-3 + (6 - -30) + -24)
31
What is -1733 + 1728 - (-9 - ((-3 - -2) + 2))?
5
Calculate -11 - -4 - -7 - ((30 - 2) + 2).
-30
Calculate -84 + -14 + 21 + (0 - -12) + 4.
-61
What is 5 + 14 + (-67 - (54 - 125))?
23
-23 + 56 + -68 + -23
-58
Evaluate (3 + 0 - 7) + -11 + 8 + -4 + 81.
70
What is the value of 146 - (-132 - -190) - 2?
86
What is the value of -81 + (-74 - 1 - -212)?
56
(5 + -7 - (-33 - (4 - 0))) + -5 + -5
25
What is the value of (-79 - (-68 - (61 + -54))) + -1 + 5 + 1?
1
Evaluate 9 - (-6 + (17 - 23 - -99)).
-78
What is the value of -2 + (1 - (-60 + 22)) - 16?
21
Evaluate (11397 - 11407) + (-2 - -4) + -54.
-62
Evaluate 37 + -45 + 23 + 24.
39
What is the value of 19 + -30 + (28 - 4) + -13 + 1 + 90?
91
24 + -77 - (38 - 57 - -9)
-43
What is -103 - (-2 - 36 - -15)?
-80
623 + -614 + (2 - ((19 - 0) + 0)) + 0
-8
Evaluate -22 + -1 + 201 + (-421 - -244).
1
(12 - (23 + (-41 - -18))) + 19
31
-369 - -318 - (-37 + 3)
-17
What is the value of (-208 - -223) + -1 + -53 + -4 + 5?
-38
63 - (-54 + (-23 - -62))
78
Calculate -65 - (-47 + 44 + -37).
-25
-2090 + 2081 + (-6 + 0 + 7 - 123)
-131
What is -2 + 18 + (-81 - -101) + (0 - 3)?
33
What is 35 + (-74 - -76) + -3 + 2 - (0 + 10)?
26
What is the value of (1 - 8) + 2756 + -2739?
10
109 + -124 + (3 - 13) - 15
-40
(540 - 591) + (42 - 0)
-9
46 + -170 + (147 - 78)
-55
What is (5 + -23 - (51 - 51)) + -5?
-23
Calculate -25 + 11 + -9 - (-3 + -8 + 4).
-16
-40 + -1 - ((4 - 20) + 20) - -8
-37
Evaluate -33 + (-472 + 454 - (-21 - 1)).
-29
What is 5 + -4 + (-4 - (2 - (-5 + 1)))?
-9
(-230 - -61) + 66 + (-2 - (2 + 1))
-108
What is 10 + (-16 - -52 - 56)?
-10
What is the value of -8 + 3 + (0 + -12 - -6) + (8 - 53)?
-56
What is -10 - (4 + -8) - ((-6 - -34) + -2)?
-32
Calculate -40 - 13 - -93 - 55.
-15
What is (-49 - ((-63 - -49) + (-5 - (6 + -19)))) + 7?
-36
What is the value of (-49 + 39 - (-14 + 1 - -1)) + 4?
6
Calculate 94 + (8 - 109 - -30).
23
Calculate 64 + (-19 - -1) - -15.
61
7 - (-5 + (-8 - ((-1 + -3 - -6) + -29)))
-7
(14 - (15 + -10) - 49) + 19
-21
What is -50 + (-39 + -24 - (24 + -54))?
-83
24 + (22 - 24) + -38
-16
3 - (40 - -31) - -35
-33
What is 8 + 3 + (1 - 90) - (12 + (-2 - 13))?
-75
Calculate -162 - -139 - (1 + 5).
-29
What is -14 - (-5 + 3 + (-14 - (0 - 103)))?
-101
Calculate (1132 - 1029) + (8 - 14).
97
Calculate 3 - (-47 + 2) - (62 + -161 - -80).
67
Calculate 116 - (48 - 59 - (-1 + (5 - 11)) - -12).
108
What is the value of 1610 + -1547 + 38 + -1 - 35?
65
Evaluate (-2 - (-1 - 84)) + (-16511 - -16493).
65
What is the value of (6 - 3) + -17 + -4092 + 4106?
0
-64 + -49 + (138 - 131)
-106
What is 3 - (5 - 60) - (-242 - -231)?
69
What is the value of (65 - 26 - 103) + -23 - (-7 + 0)?
-80
What is -5481 + 5354 - (0 + -64)?
-63
21 + -1 + (5 - -61) + -62
24
What is 21 + -5 - (-47 - -37) - -16?
42
-1 + 2 + -38 - (44 + -64 + 53 + -38)
-32
Evaluate 245 - 239 - (10 - (-67 - 9)).
-80
-59 + (-45 - -9) + 83
-12
What is the value of 37 - (13 - ((-35 - -42) + (4 - -13)))?
48
Evaluate (12 - -49) + (316 - 285).
92
(-4 + -1 + 11 - -2) + 2 + 0 + -30
-20
What is 0 - (-22 + -12 + 99 - 3)?
-62
What is the value of 177 - 165 - (5 + -31 + 3)?
35
(-10 - -8 - (0 - 0)) + (74 - (6 + 1))
65
Evaluate 52 + -62 + 17 + 42.
49
Evaluate -20 - (-15 - (-13 + (74 - 14))).
42
What is the value of -151 + 108 - ((26 - 0) + -25 - (-2 - -1))?
-45
15 + -12 + (-3 - -9) + 6 + 2
17
Evaluate (33 - 1) + -12 - 36.
-16
Evaluate 0 + 116 - ((1 - 3) + -17 + 30 + -25).
130
Calculate (67 - (9 + -37 + -19 + 62)) + (1 - 2).
51
Calculate (306 - 142) + -127 - (-32 - -1).
